s divided by 63.
60
What is the remainder when 6021 is divided by 2974?
73
What is the remainder when 26682 is divided by 7?
5
Calculate the remainder when 158466 is divided by 229.
227
What is the remainder when 3305 is divided by 790?
145
What is the remainder when 224073 is divided by 241?
184
What is the remainder when 158585 is divided by 26425?
35
Calculate the remainder when 7372 is divided by 687.
502
Calculate the remainder when 15022 is divided by 132.
106
Calculate the remainder when 11755 is divided by 1301.
46
What is the remainder when 2472 is divided by 493?
7
What is the remainder when 25429 is divided by 17?
14
Calculate the remainder when 30321 is divided by 1082.
25
Calculate the remainder when 261901 is divided by 18707.
3
Calculate the remainder when 11931 is divided by 1591.
794
What is the remainder when 37663 is divided by 116?
79
Calculate the remainder when 746 is divided by 392.
354
What is the remainder when 319101 is divided by 19?
15
Calculate the remainder when 36963 is divided by 36923.
40
What is the remainder when 4435 is divided by 84?
67
What is the remainder when 3582203 is divided by 138?
137
What is the remainder when 6411 is divided by 712?
3
Calculate the remainder when 3777 is divided by 282.
111
Calculate the remainder when 17962 is divided by 27.
7
Calculate the remainder when 50258 is divided by 133.
117
Calculate the remainder when 2474 is divided by 2420.
54
Calculate the remainder when 2688 is divided by 50.
38
What is the remainder when 179971 is divided by 115?
111
What is the remainder when 952 is divided by 235?
12
Calculate the remainder when 18379 is divided by 409.
383
Calculate the remainder when 101049 is divided by 377.
13
What is the remainder when 1484 is divided by 728?
28
Calculate the remainder when 552883 is divided by 123.
121
Calculate the remainder when 167532 is divided by 37.
33
What is the remainder when 5067 is divided by 299?
283
What is the remainder when 4675 is divided by 172?
31
Calculate the remainder when 776641 is divided by 44.
41
What is the remainder when 56051 is divided by 185?
181
Calculate the remainder when 69935 is divided by 378.
5
Calculate the remainder when 543 is divided by 42.
39
Calculate the remainder when 517 is divided by 127.
9
What is the remainder when 198011 is divided by 789?
761
What is the remainder when 34780 is divided by 507?
304
Calculate the remainder when 6256 is divided by 1562.
8
What is the remainder when 63417 is divided by 12681?
12
Calculate the remainder when 347 is divided by 91.
74
Calculate the remainder when 131206 is divided by 410.
6
Calculate the remainder when 13506 is divided by 59.
54
What is the remainder when 5709 is divided by 247?
28
Calculate the remainder when 975 is divided by 963.
12
Calculate the remainder when 10466 is divided by 1866.
1136
Calculate the remainder when 4744 is divided by 179.
90
What is the remainder when 962 is divided by 784?
178
Calculate the remainder when 120838 is divided by 570.
568
Calculate the remainder when 1143719 is divided by 120.
119
What is the remainder when 1592 is divided by 345?
212
Calculate the remainder when 8974 is divided by 123.
118
What is the remainder when 12067 is divided by 294?
13
What is the remainder when 139470 is divided by 69733?
4
What is the remainder when 2995 is divided by 28?
27
Calculate the remainder when 9544 is divided by 1944.
1768
What is the remainder when 242389 is divided by 44?
37
What is the remainder when 2488 is divided by 2077?
411
What is the remainder when 909 is divided by 152?
149
What is the remainder when 13508 is divided by 37?
3
What is the remainder when 1961 is divided by 164?
157
What is the remainder when 41341 is divided by 4?
1
Calculate the remainder when 40376 is divided by 348.
8
Calculate the remainder when 71150 is divided by 134.
130
Calculate the remainder when 5299 is divided by 1739.
82
What is the remainder when 178310 is divided by 89131?
48
What is the remainder when 174629 is divided by 87313?
3
Calculate the remainder when 38990 is divided by 470.
450
What is the remainder when 40182 is divided by 3082?
116
What is the remainder when 11670 is divided by 173?
79
Calculate the remainder when 2298 is divided by 327.
9
What is the remainder when 23642 is divided by 71?
70
What is the remainder when 2398 is divided by 122?
80
Calculate the remainder when 109044 is divided by 344.
340
What is the remainder when 97936 is divided by 6?
4
What is the remainder when 308638 is divided by 841?
832
What is the remainder when 1477 is divided by 120?
37
What is the remainder when 592603 is divided by 598?
583
Calculate the remainder when 216920 is divided by 19.
16
Calculate the remainder when 3365 is divided by 2734.
631
What is the remainder when 3363 is divided by 474?
45
Calculate the remainder when 15826942 is divided by 2208.
2206
What is the remainder when 37099 is divided by 5299?
6
What is the remainder when 15113 is divided by 49?
21
What is the remainder when 13172 is divided by 426?
392
Calculate the remainder when 16213 is divided by 497.
309
Calculate the remainder when 24188 is divided by 167.
140
Calculate the remainder when 3096455 is divided by 37.
36
What is the remainder when 168899 is divided by 31?
11
What is the remainder when 12396192 is divided by 69?
66
What is the remainder when 415954 is divided by 62?
58
Calculate the remainder when 39283 is divided by 187.
13
What is the remainder when 6074 is divided by 650?
224
What is the remainder when 39936 is divided by 147?
99
Calculate the remainder when 3055 is divided by 71.
2
Calculate the remainder when 369893 is divided by 174.
143
What is the remainder when 7351 is divided by 171?
169
Calculate the remainder when 227668 is divided by 57.
10
Calculate the remainder when 96777 is divided by 83.
82
What is the remainder when 144171 is divided by 13?
1
Calculate the remainder when 13349 is divided by 305.
234
Calculate the remainder when 18134 is divided by 223.
71
Calculate the remainder when 407886 is divided by 19.
13
Calculate the remainder when 51911 is divided by 21.
20
Calculate the remainder when 195232 is divided by 63.
58
What is the remainder when 2385 is divided by 470?
35
What is the remainder when 3280 is divided by 1635?
10
Calculate the remainder when 1525 is divided by 101.
10
What is the remainder when 6662 is divided by 2099?
365
What is the remainder when 43260 is divided by 13?
9
Calculate the remainder when 156441 is divided by 150.
141
Calculate the remainder when 3814 is divided by 1234.
112
What is the remainder when 29619 is divided by 3?
0
What is the remainder when 14317 is divided by 29?
20
What is the remainder when 37620 is divided by 2350?
20
Calculate the remainder when 754015 is divided by 1180.
1175
What is the remainder when 3571 is divided by 108?
7
Calculate the remainder when 28480 is divided by 237.
40
Calculate the remainder when 14150 is divided by 131.
2
Calculate the remainder when 7719 is divided by 552.
543
What is the remainder when 5492 is divided by 282?
134
Calculate the remainder when 3775 is divided by 82.
3
What is the remainder when 430331 is divided by 218?
217
What is the remainder when 15208 is divided by 11?
6
What is the remainder when 5193 is divided by 216?
9
What is the remainder when 7014 is divided by 7?
0
What is the remainder when 7172 is divided by 265?
17
What is the remainder when 25311 is divided by 4?
3
What is the remainder when 2690 is divided by 1301?
88
Calculate the remainder when 2281 is divided by 251.
22
What is the remainder when 4462 is divided by 889?
17
What is the remainder when 3062 is divided by 496?
86
What is the remainder when 252165 is divided by 532?
529
Calculate the remainder when 710412 is divided by 131.
130
Calculate the remainder when 22999 is divided by 225.
49
What is the remainder when 71267 is divided by 540?
527
What is the remainder when 77402 is divided by 183?
176
What is the remainder when 117714 is divided by 117714?
0
Calculate the remainder when 102488 is divided by 234.
230
Calculate the remainder when 790 is divided by 236.
82
Calculate the remainder when 194512 is divided by 7.
3
Calculate the remainder when 7363 is divided by 254.
251
